Let h(o) = -o**2 - 14*o + 22. Let w be (2/(24/117))/(39/364). Suppose -4*x = -13*v + 8*v - w, 2*x = -2*v - 22. Determine h(v).
7
Let j(y) = -9*y + 1. Suppose 0 = 4*d - 2*k + 530, 16*k = 5*d + 11*k + 655. Let t = -133 - d. What is j(t)?
-8
Suppose -m = 4*m + 15. Let r(t) be the first derivative of -2*t**2 - 4*t + 480. What is r(m)?
8
Let j(x) = -x + 3. Let o = -101 + 91. What is j(o)?
13
Let f be (10 - 1) + -93 + 89. Let j(p) = 3*p - 3. Give j(f).
12
Let w(v) be the second derivative of v**5/20 - v**4/4 + 2*v**3/3 - 3*v**2 - 24*v. Let z = -510 - -513. Give w(z).
6
Let z(a) = -91*a - 139. Let b(q) = 274*q + 440. Let r(y) = -6*b(y) - 19*z(y). Give r(1).
86
Let o(a) = -5*a**3 - 3*a**2 - 8*a + 3. Let l(c) = 7*c**3 + 3*c**2 + 8*c - 3. Let h(n) = 3*l(n) + 4*o(n). Determine h(5).
13
Let c = -16099 + 16106. Let m(x) = 2*x**3 - 13*x**2 + 4*x - 80. Determine m(c).
-3
Let d(c) be the first derivative of -c**4/4 + 2*c**3 + 5*c**2/2 - 45*c + 10962. What is d(6)?
-15
Let i(x) be the third derivative of x**4/12 + 7*x**3/6 - 636*x**2 + x. Determine i(-2).
3
Let g(u) = -2113 + 995 + 2*u**2 + 0*u**2 + 1118 + 2*u. What is g(-2)?
4
Suppose -8*s = 3*w - 3*s + 40, s - 10 = 3*w. Let f be -4*w/(-110) + 2/11. Let i(u) = -u + 30. Calculate i(f).
30
Let a(q) = -q**2 + 6*q + 7. Let o be (-2)/(-4)*(-19 - -23). Suppose 3*m + 15 = 5*k, o*m + 0*m = -k + 16. What is a(k)?
7
Suppose 782 = -189*x - 1108. Let c(i) = i**3 + 8*i**2 - 21*i + 6. Determine c(x).
16
Suppose 2*f - 15 = 3*f + 4*y, 2*f + 2*y = 0. Let x(w) be the first derivative of -3/2*w**2 + 3*w - 40. Calculate x(f).
-12
Let q = 13 + -11. Let x(a) be the second derivative of a**4/12 - a**3/3 + a**2 + 139*a. Give x(q).
2
Suppose 5*u + 3 = 3*d, 4*d - 12*u = -14*u - 22. Let z(o) = -o**3 - 2*o**2 - 3*o - 6. Give z(d).
38
Let d(w) = w + 1. Suppose -5*j = -s - 7, -2*s = -s + 2*j - 7. Suppose 0 = s*q + 31 - 7. Let v be (-2)/q + 195/52. Determine d(v).
5
Let s(v) = 19*v + 93. Let x = 27894 + -27899. Determine s(x).
-2
Suppose 2*k = 14*v - 11*v - 6, -14 = 2*k - v. Let i(g) be the first derivative of -g**4/4 - 8*g**3/3 + 4*g**2 - 5*g + 114. Give i(k).
4
Let y(c) = -2 + 2*c**2 + 4 + 19*c**2 + 2*c - 9*c**2. Calculate y(-2).
46
Let m(g) = -3*g - 1. Let t(c) = -26 - 31 - 4*c**3 + 61 - 3*c**2 + 0*c**2. Let o be t(-2). Suppose 6*p + o = -6*p. Give m(p).
5
Let u(g) be the third derivative of g**5/60 + g**4/6 - 8*g**2 + 3*g. Suppose -z + t = -3*z - 6, -5*z - 5*t - 5 = 0. Determine u(z).
5
Let p(v) = -v**2 - 24*v - 132. Let i be p(-8). Let w(t) = -2*t**2 - 6*t + 9. Give w(i).
1
Let o(w) = -37*w**2 + w - 21. Let c(p) = 14*p**2 + 7. Suppose -x - 7*x = 64. Let m(b) = x*c(b) - 3*o(b). Let z(k) = -k**2 - 6. Let l be z(0). Determine m(l).
-11
Let y(v) = 21*v**2 + v. Let o = -91 + 12. Let l = o - -78. Give y(l).
20
Let v(k) = 4*k**2 - 5*k - 8 - 10*k + 2*k - k**3 + 21*k. Determine v(3).
25
Let h be (-6 + 0/(-4) + 298)/(-2). Let n = h - -145. Let o(m) = 12*m**2 + 2*m + 1. Calculate o(n).
11
Let g(w) = w**3 - 2*w**2 - 5*w - 2. Suppose -21*u + 22 - 64 = 0. Give g(u).
-8
Let j(a) = 3*a + 9. Let b(q) = 3*q**3 + q**2 - 6*q + 5. Let d be b(1). Suppose 0 = 5*u - 4*m + 32, 3*u - d*m = 5*u + 22. Determine j(u).
-15
Let d be (1 - 100 - (5 - 2))*1. Let s = d - -107. Let b(n) be the third derivative of n**4/24 - n**3/2 + 17*n**2. Determine b(s).
2
Let a(h) be the first derivative of 1/2*h**2 + 2*h - 4. Let u(v) = -v**2 - 31*v - 213. Let k be u(-21). Calculate a(k).
-1
Suppose 0 = -4*w - 38*l + 41*l + 22, 0 = -3*w + l + 14. Let a(v) = -10 + 9 + 4*v + 6. Determine a(w).
21
Let x(i) be the first derivative of 0*i**4 - 1/60*i**5 + 0*i**2 + 22/3*i**3 + 0*i + 9 - 1/120*i**6. Let o(h) be the third derivative of x(h). Give o(2).
-16
Suppose 17*u + 2336 = 2268. Let y(o) be the second derivative of -o**3/3 - o**2 - 11*o. Determine y(u).
6
Suppose 25 = -4*h - 2*p + 81, 2*h - 2*p = 16. Let c(z) = 6 - 9 + 2*z + 10*z**2 - h*z**2. Let o(t) = -t. Let y(l) = -c(l) - 6*o(l). Give y(-2).
3
Let q(a) be the third derivative of -a**5/30 + 7*a**4/6 - 16*a**3/3 + 464*a**2 + 2. What is q(13)?
-6
Let j(f) = f**2 - 4*f + 19. Let t be j(9). Let g be t/6*(-585)/(-60). Let y(i) = -g*i + 5 - 5 + 95*i. What is y(-1)?
9
Suppose 46 = -5*c - 2*k, -2*c - 4*k + 18 = 62. Let i(z) = -z**3 - 6*z**2 - 5*z - 7. Give i(c).
23
Let f(v) = -2*v + 5. Let p(q) = 2*q - 6. Let a = -71 - -75. Let l(g) = a*p(g) + 5*f(g). What is l(-1)?
3
Let a(q) = 258*q - 5. Let m(z) = 37*z - 1. Let c(k) = -4*a(k) + 28*m(k). What is c(4)?
8
Let h(l) = -9*l + 34. Suppose 0 = 4*k + 8, -3*a = k - 9 - 10. Let r(z) = 5*z - 17. Let u(x) = a*r(x) + 4*h(x). Give u(7).
10
Let g(y) = -y**2 - 4*y - 6. Let n(c) = -52 + 7 + 17 + 16 + 13. Let z = 6 + -4. Let m(s) = z*n(s) + g(s). Calculate m(-4).
-4
Let k(t) = 23*t**2 - 8. Let n(j) = 9*j**2 - 4. Let u(v) = -2*k(v) + 5*n(v). Suppose 0 = -2*w - 10, -4*p - w = 2*w + 3. Give u(p).
-13
Let y(g) = -5*g + 1. Let q(k) = 5 + 276*k - 287*k - 2. Let f(m) = -6*q(m) + 13*y(m). Suppose 3*j - 3 = 3*p, 3*p = 2*j + 2*j - 7. Determine f(j).
-1
Let r(t) be the third derivative of -176*t**2 + 0 + 1/6*t**3 - 1/15*t**5 - t - 1/12*t**4. What is r(-2)?
-11
Let i(u) = 11*u**2 - 13*u - 115. Let b(p) = 9*p**2 - 13*p - 96. Let q(n) = -6*b(n) + 5*i(n). Determine q(-15).
31
Suppose 2*a + 3 = -s + 10, 3*a = 6. Let g(o) = -4 + o**3 + 3*o**3 - 5*o**2 - o**s + 4*o - 4*o**3. Let k = 625 + -631. Calculate g(k).
8
Suppose 0 = 5*q, 0*q + 3*q = x + 4. Let w be ((-30)/(-9) - 3)*(-3 - -9). Let d(p) = -5*p**2 - 84*p + 2*p**w - p**3 + 87*p. Give d(x).
4
Suppose -4*c - 35 = -w, 10*w = 7*w - 2*c + 161. Suppose -9 + w = 14*o. Let k(h) = h**2 - 4*h - 2. Give k(o).
-5
Suppose 4*l - 110 = -2*o, 0*l + 5*l + 2*o - 139 = 0. Let j be -2*(2 + -4)*l/(-4). Let d = j + 31. Let h(i) = -2*i + 1. Determine h(d).
-3
Let h(c) = -25 - 9*c + 0*c - 7*c + 19*c. What is h(-6)?
-43
Let w(g) be the first derivative of -g**3/3 - 11*g**2 + 5*g + 171. What is w(-22)?
5
Let c(v) = 4*v + 2. Suppose 2*j + 0 = -2*f - 10, -4*f + j + 5 = 0. Calculate c(f).
2
Let k(n) = n**3 + n**2 + 3*n - 16 + 3*n - 5*n - 5 + 10. Suppose -u - 5*h = 25, -3*u + 0*u = -4*h - 20. Determine k(u).
-11
Let y(m) be the first derivative of -2*m**3/3 - 25*m**2/2 - 9*m + 6803. Calculate y(-14).
-51
Let u(l) = l**3 + 15*l**2 + 9*l + 15. Let h(m) = -m**2 + m - 1. Let j(t) = -2*t**2 - 17*t + 8. Let f be j(-9). Let b(x) = f*u(x) - 3*h(x). Give b(-11).
-1
Let i(q) = 457 + 4*q - 458 - q**2 + q**2 + 2*q**2. Give i(-3).
5
Let z(s) = s**3 + 31*s**2 - 3*s - 83. Let x(b) = -b**3 - 7*b**2 + 5*b + 20. Let a be x(-3). Determine z(a).
10
Suppose 9*l = 246 + 159. Suppose -l*s + 41*s = -16. Let p(j) = -2*j + 0*j**3 + j**2 - 1 - j - 9*j**3 + s*j. What is p(1)?
-8
Let d(i) = -i**2 - 6*i - 6. Let q = -89 - 191. Let g be (q/21 + 10)*(-3)/(-2). What is d(g)?
-1
Let c(z) = z**2 + 13*z - 112. Let q be c(-19). Let k(d) = 84*d**2 - d + 3*d**3 - 1 + 0*d - 76*d**2 - q*d**3. Determine k(-8).
7
Let x(q) = q**2 + 4*q. Suppose 0 = 11*s + 2*s - 351. Suppose s*n + 22 = -59. Determine x(n).
-3
Let j(t) = t**3 + 15*t**2 + 9*t - 21. Let y be -5 + -11 - 2 - -4. Give j(y).
49
Suppose -5*d = 2*f + 3*f - 20, -d - 2*f = -5. Suppose d*t = -a - a + 16, 0 = -3*a - 5*t + 26. Let y(r) = -9*r**2 - 9*r**2 - 12*r**a + 29*r**2 + 4*r. Give y(3).
3
Let d(u) = -89*u - 91*u + 179*u - 8 - 1. Determine d(7).
-16
Let x(j) = -18*j**2 + 20*j - 35. Let n(v) = 9*v**2 - 9*v + 16. Let f(b) = 11*n(b) + 5*x(b). Give f(-2).
35
Suppose 6*g = 18*g - 96. Suppose -g*i + 12*i - 12 = 0, 4*k - 5*i + 39 = 0. Let b(a) = -a + 8. What is b(k)?
14
Suppose -2*r + 35 = 1423*d - 1420*d, r + 5 = 3*d. Let j(l) = 12*l - 122. Determine j(r).
-2
Let z(f) = -25*f + 5. Let w = 3336 + -3335. Calculate z(w).
-20
Let y(f) be the first derivative of -f**3/3 - 14*f**2 + 2*f - 491. What is y(-28)?
2
Let f be (-2)/(-9) - (1 + 68/(-18)). Suppose -5*r + 16 = 4*o, -5*o - 4*r + 20 = -f*r. Let t(m) = -m**2 + 6*m - 3. Determine t(o).
5
Let v(c) = -54*c**3 - 5*c**2 - c + 76. Let w(z) = -25*z**3 - 3*z**2 + 37. Let a(f) = -6*v(f) + 13*w(f). Calculate a(-8).
-87
Let v(q) = q**3 - 13*q**2 - 2*q + 9. Let p(z) = -z**3 - 64*z**2 - 737*z - 17. Let k be p(-15). Calculate v(k).
-17
Let w = 671 + -667. Let f(x) = 11 - 4 + 2 - w + 2*x - 3. What is f(0)?
2
Let w(r) be the first derivative of -r**2 - 13